 (base 6) to base 4
20
What is 2b (base 16) in base 4?
223
e (base 15) to base 12
12
Convert 14 (base 5) to base 4.
21
Convert -110 (base 3) to base 4.
-30
1 (base 4) to base 12
1
1b (base 12) to base 8
27
-100 (base 2) to base 10
-4
-2 (base 16) to base 10
-2
What is 11110 (base 2) in base 14?
22
What is 13 (base 5) in base 4?
20
-101 (base 2) to base 5
-10
355 (base 6) to base 15
98
1 (base 12) to base 16
1
-25 (base 10) to base 14
-1b
What is -10 (base 7) in base 3?
-21
Convert 113 (base 10) to base 16.
71
15 (base 8) to base 3
111
What is 6c (base 13) in base 5?
330
Convert 30 (base 11) to base 12.
29
a (base 11) to base 15
a
Convert -3 (base 8) to base 13.
-3
Convert -48 (base 13) to base 15.
-40
What is -5 (base 13) in base 3?
-12
Convert 1 (base 16) to base 2.
1
Convert -29 (base 14) to base 13.
-2b
What is 30 (base 4) in base 7?
15
What is 354 (base 7) in base 5?
1221
What is 10021 (base 3) in base 6?
224
What is 0 (base 12) in base 4?
0
Convert -1002 (base 3) to base 6.
-45
What is -42 (base 12) in base 2?
-110010
What is 21 (base 6) in base 8?
15
What is -9 (base 11) in base 8?
-11
Convert 21 (base 11) to base 6.
35
-2 (base 9) to base 12
-2
-49 (base 12) to base 7
-111
-1 (base 14) to base 15
-1
Convert -2 (base 3) to base 2.
-10
-23 (base 12) to base 7
-36
-2 (base 5) to base 7
-2
Convert 1000 (base 2) to base 14.
8
52 (base 8) to base 3
1120
Convert 300 (base 7) to base 15.
9c
What is 5 (base 8) in base 13?
5
-71 (base 14) to base 2
-1100011
What is -10 (base 2) in base 14?
-2
What is 2 (base 4) in base 16?
2
What is 44 (base 9) in base 7?
55
What is 206 (base 8) in base 11?
112
Convert 2 (base 6) to base 14.
2
Convert 2 (base 10) to base 16.
2
Convert -13 (base 14) to base 6.
-25
Convert 10 (base 9) to base 7.
12
Convert -35 (base 13) to base 12.
-38
What is -12 (base 4) in base 7?
-6
What is -6 (base 15) in base 13?
-6
What is 75 (base 8) in base 13?
49
What is 14 (base 16) in base 3?
202
Convert -12 (base 7) to base 16.
-9
What is 4 (base 11) in base 9?
4
Convert -12 (base 6) to base 3.
-22
What is 142 (base 7) in base 14?
59
19 (base 10) to base 6
31
Convert -2020 (base 3) to base 15.
-40
What is 4 (base 14) in base 3?
11
1c (base 13) to base 8
31
-104 (base 5) to base 4
-131
-17 (base 9) to base 8
-20
31 (base 5) to base 2
10000
Convert 101 (base 2) to base 8.
5
What is -4 (base 12) in base 2?
-100
0 (base 12) to base 9
0
Convert 35 (base 8) to base 2.
11101
Convert 244 (base 6) to base 13.
79
What is -54 (base 13) in base 7?
-126
Convert -59 (base 15) to base 12.
-70
51 (base 7) to base 8
44
What is 2 (base 12) in base 15?
2
Convert -202 (base 6) to base 15.
-4e
5 (base 7) to base 2
101
What is -320 (base 4) in base 9?
-62
-30 (base 4) to base 3
-110
Convert 111 (base 4) to base 12.
19
Convert -5 (base 8) to base 4.
-11
Convert 112 (base 4) to base 6.
34
What is -70 (base 10) in base 7?
-130
Convert 35 (base 9) to base 16.
20
Convert -3 (base 11) to base 8.
-3
34 (base 9) to base 3
1011
Convert 13 (base 12) to base 14.
11
What is 0 (base 16) in base 13?
0
31 (base 6) to base 8
23
Convert 4 (base 9) to base 3.
11
3 (base 13) to base 9
3
What is 1b (base 15) in base 9?
28
What is -14 (base 15) in base 14?
-15
Convert 101 (base 2) to base 5.
10
Convert 9 (base 13) to base 3.
100
-2 (base 3) to base 11
-2
Convert 23 (base 15) to base 13.
27
15 (base 14) to base 11
18
Convert -211 (base 8) to base 16.
-89
What is -14 (base 13) in base 6?
-25
-1 (base 11) to base 10
-1
0 (base 13) to base 15
0
Convert -1 (base 2) to base 5.
-1
Convert -96 (base 13) to base 14.
-8b
What is -1 (base 11) in base 15?
-1
Convert -21 (base 8) to base 7.
-23
Convert 11 (base 3) to base 14.
4
60 (base 8) to base 15
33
3 (base 6) to base 4
3
Convert 122 (base 5) to base 11.
34
What is -201 (base 3) in base 11?
-18
Convert -3 (base 11) to base 10.
-3
What is 4 (base 15) in base 10?
4
What is 2 (base 8) in base 10?
2
What is 28 (base 13) in base 15?
24
-41 (base 10) to base 8
-51
Convert 1404 (base 6) to base 3.
111111
What is 0 (base 11) in base 6?
0
Convert 125 (base 8) to base 14.
61
Convert -3 (base 15) to base 10.
-3
Convert -2 (base 6) to base 12.
-2
What is -101 (base 4) in base 10?
-17
What is -1010 (base 2) in base 8?
-12
What is -11 (base 6) in base 2?
-111
Convert 264 (base 7) to base 4.
2100
Convert 1221 (base 4) to base 14.
77
100101 (base 2) to base 6
101
-2 (base 8) to base 10
-2
-2 (base 8) to base 12
-2
What is -121 (base 7) in base 3?
-2101
What is -2 (base 11) in base 15?
-2
-1a (base 11) to base 5
-41
Convert 5 (base 12) to base 4.
11
2 (base 7) to base 6
2
-5 (base 13) to base 7
-5
21 (base 16) to base 12
29
What is -3 (base 10) in base 8?
-3
What is 93 (base 13) in base 8?
170
200 (base 4) to base 9
35
What is 10 (base 4) in base 6?
4
-115 (base 9) to base 10
-95
What is -3 (base 16) in base 10?
-3
-15 (base 12) to base 9
-18
Convert 53 (base 6) to base 9.
36
What is -20 (base 4) in base 8?
-10
1 (base 12) to base 16
1
-8 (base 16) to base 6
-12
Convert -2 (base 13) to base 11.
-2
What is -10 (base 4) in base 12?
-4
What is 166 (base 11) in base 7?
364
Convert 8 (base 16) to base 10.
8
-1001 (base 2) to base 7
-12
What is -d3 (base 16) in base 4?
-3103
What is -23 (base 4) in base 15?
-b
-c (base 14) to base 2
-1100
2 (base 6) to base 10
2
Convert 11 (base 3) to base 10.
4
-11 (base 12) to base 5
-23
What is 10 (base 6) in base 12?
6
2 (base 13) to base 2
10
Convert 17 (base 9) to base 10.
16
Convert -1100 (base 3) to base 9.
-40
What is 6 (base 7) in base 16?
6
Convert -23 (base 10) to base 11.
-21
-2 (base 13) to base 5
-2
12 (base 5) to base 7
10
What is -10 (base 13) in base 9?
-14
Convert -20 (base 3) to base 10.
-6
-323 (base 4) to base 16
-3b
-3103 (base 4) to base 11
-182
What is -3 (base 4) in base 12?
-3
Convert 111 (base 3) to base 11.
12
-4 (base 6) to base 8
-4
8c (base 16) to base 2
10001100
20 (base 12) to base 9
26
Convert 510 (base 6) to base 14.
d4
Convert -21 (base 13) to base 16.
-1b
What is -24 (base 16) in base 7?
-51
What is 5 (base 9) in base 7?
5
1301 (base 5) to base 7
405
What is -3 (base 11) in base 14?
-3
Convert -2 (base 6) to base 10.
-2
What is 5 (base 11) in base 3?
12
-2 (base 9) to base 16
-2
Convert -1000 (base 2) to base 3.
-22
What is -5 (base 12) in base 11?
-5
What is -149 (base 13) in base 9?
-275
What is -1 (base 14) in base 5?
-1
-50 (base 10) to base 9
-55
1 (base 9) to base 2
1
3b (base 12) to base 3
1202
0 (base 13) to base 12
0
Convert 1001 (base 2) to base 7.
12
What is 54 (base 11) in base 6?
135
3 (base 16) to base 7
3
What is 0 (base 13) in base 9?
0
-152 (base 10) to base 5
-1102
23 (base 9) to base 8
25
-12 (base 8) to base 5
-20
-10 (base 3) to base 2
-11
What is -201 (base 3) in base 2?
-10011
Convert -275 (base 8) to base 10.
-189
1204 (base 5) to base 15
be
What is -60 (base 10) in base 2?
-111100
213 (base 4) to base 14
2b
Convert -332 (base 4) to base 9.
-68
Convert -101 (base 2) to base 3.
-12
Convert -22 (base 16) to base 8.
-42
What is -11 (base 2) in base 13?
-3
What is 16 (base 13) in base 15?
14
What is 0 (base 9) in base 12?
0
Convert -6 (base 7) to base 3.
-20
Convert 67 (base 13) to base 7.
151
Convert -150 (base 10) to base 16.
-96
What is 3 (base 12) in base 8?
3
What is -6 (base 14) in base 11?
-6
What is -1 (base 2) in base 10?
-1
Convert -10000011 (base 2) to base 16.
-83
6 (base 10) to base 6
10
What is -4 (base 15) in base 5?
-4
211 (base 7) to base 12
8a
What is 11 (base 3) in base 8?
4
What is 1 (base 11) in base 16?
1
90 (base 11) to base 16
63
-4 (base 13) to base 14
-4
-57 (base 13) to base 14
-52
What is -4 (base 14) in base 5?
-4
155 (base 7) to base 16
59
-114 (base 5) to base 8
-42
What is -3013 (base 4) in base 16?
-c7
49 (base 13) to base 10
61
What is -5 (base 9) in base 7?
-5
-3 (base 4) to base 9
-3
12 (base 7) to base 14
9
-5 (base 16) to base 6
-5
Convert 1021 (base 4) to base 5.
243
3 (base 5) to base 7
3
Convert 2 (base 16) to base 12.
2
d (base 14) to base 10
13
Convert -34 (base 13) to base 4.
-223
-2 (base 10) to base 16
-2
What is 16 (base 9) in base 16?
f
-211 (base 6) to base 3
-2221
-11 (base 7) to base 8
-10
Convert 7 (base 11) to base 3.
21
144 (base 10) to base 4
2100
3 (base 12) to base 7
3
What is 1 (base 14) in base 8?
1
2 (bas